65
What is the highest common divisor of 2100 and 16119600?
2100
Calculate the greatest common factor of 194389 and 247.
247
Calculate the greatest common factor of 15592927 and 49.
49
Calculate the highest common divisor of 42 and 3214722.
42
Calculate the greatest common factor of 214018 and 210.
14
What is the highest common divisor of 7224 and 962856?
1032
What is the greatest common divisor of 273415 and 2235?
745
What is the highest common divisor of 473 and 4763?
11
What is the highest common divisor of 72141 and 1038?
519
Calculate the greatest common factor of 145 and 5195.
5
What is the greatest common factor of 272300 and 35?
35
What is the highest common divisor of 615469 and 311?
311
What is the highest common factor of 5315 and 535?
5
Calculate the highest common divisor of 660 and 955.
5
What is the highest common divisor of 36 and 7028412?
12
What is the highest common divisor of 2301237 and 174?
87
What is the highest common divisor of 16210 and 130?
10
Calculate the greatest common factor of 18176 and 1278.
142
What is the greatest common factor of 1734 and 1331423?
289
Calculate the highest common divisor of 6191 and 1025.
41
Calculate the greatest common divisor of 1289757 and 105.
21
What is the greatest common factor of 13224 and 9804?
228
What is the greatest common factor of 1709 and 28?
1
What is the highest common factor of 4746 and 3734311?
791
What is the greatest common divisor of 1131 and 1044?
87
Calculate the highest common divisor of 7864 and 4.
4
Calculate the highest common divisor of 1468 and 3716.
4
Calculate the highest common factor of 178831 and 1.
1
What is the greatest common factor of 462 and 5859?
21
What is the highest common divisor of 11144 and 3696?
56
What is the highest common factor of 499 and 43912?
499
Calculate the greatest common factor of 116988 and 84.
12
What is the greatest common factor of 2529180 and 120?
60
What is the greatest common factor of 69255 and 1140?
285
What is the highest common divisor of 1530 and 9027?
153
What is the highest common factor of 271075 and 175?
175
What is the highest common factor of 2362 and 5008621?
1181
What is the greatest common divisor of 51 and 309808?
17
What is the highest common divisor of 2940 and 6972?
84
Calculate the highest common factor of 260567 and 69.
23
What is the greatest common factor of 3670 and 764461?
367
What is the highest common factor of 60966 and 108?
54
What is the greatest common divisor of 4810 and 5920?
370
What is the highest common factor of 110 and 65087?
11
What is the highest common factor of 187 and 1513?
17
Calculate the greatest common divisor of 2079 and 66843.
63
Calculate the greatest common factor of 27081 and 1971.
27
What is the highest common factor of 12324 and 494?
26
Calculate the greatest common factor of 1393518 and 12.
6
What is the greatest common divisor of 354 and 194464?
118
Calculate the highest common divisor of 190 and 302.
2
What is the highest common factor of 12990 and 10?
10
What is the greatest common divisor of 42 and 154560?
42
Calculate the greatest common factor of 15 and 17357595.
15
Calculate the highest common divisor of 631560 and 240.
120
What is the greatest common factor of 62 and 334?
2
Calculate the greatest common factor of 73665 and 72.
9
What is the highest common factor of 239 and 150809?
239
What is the highest common divisor of 134466 and 24?
6
What is the highest common divisor of 4845 and 304?
19
What is the greatest common factor of 33472 and 51520?
64
What is the greatest common factor of 2 and 1559?
1
Calculate the highest common factor of 54 and 5340.
6
What is the highest common divisor of 4515672 and 8?
8
Calculate the highest common divisor of 615020 and 80.
20
Calculate the highest common divisor of 45 and 4032180.
45
Calculate the highest common divisor of 6422 and 817.
19
Calculate the greatest common factor of 435 and 3180.
15
What is the highest common factor of 14017 and 2140?
107
What is the highest common divisor of 1121032 and 1760?
88
Calculate the greatest common factor of 45 and 185985.
45
What is the highest common factor of 2033 and 23861?
107
Calculate the greatest common divisor of 3054 and 6.
6
What is the greatest common divisor of 61149 and 43818?
327
What is the highest common divisor of 313056 and 48?
48
What is the greatest common divisor of 92627 and 1?
1
Calculate the highest common divisor of 81 and 1054107.
27
Calculate the highest common divisor of 312 and 108600.
24
What is the greatest common factor of 141513 and 86?
43
Calculate the greatest common factor of 33 and 338085.
33
Calculate the greatest common divisor of 1536 and 15648.
96
Calculate the highest common divisor of 41608 and 5824.
56
Calculate the highest common divisor of 60 and 2274580.
20
What is the highest common factor of 27352 and 4368?
104
Calculate the highest common factor of 91185 and 165.
15
What is the highest common factor of 882 and 105?
21
What is the greatest common divisor of 1602 and 29574?
18
What is the highest common factor of 612501 and 1037?
61
What is the greatest common divisor of 65 and 14807?
13
Calculate the greatest common factor of 18 and 12084.
6
Calculate the greatest common factor of 369204 and 33.
33
Calculate the highest common divisor of 986 and 84303.
493
Calculate the highest common divisor of 288 and 8028.
36
Calculate the greatest common factor of 45 and 183699.
9
Calculate the highest common factor of 35525 and 406.
203
What is the greatest common divisor of 2578 and 2837089?
1289
What is the highest common factor of 42106 and 148?
74
What is the highest common divisor of 4670538 and 2868?
1434
What is the highest common factor of 24653 and 6925?
277
Calculate the highest common factor of 1175 and 675.
25
What is the highest common factor of 6 and 38421?
3
Calculate the greatest common factor of 2442 and 269434.
814
What is the greatest common factor of 1687 and 3325?
7
Calculate the highest common divisor of 340 and 1599836.
68
What is the greatest common divisor of 299519 and 8833?
803
Calculate the greatest common divisor of 86377 and 51.
17
What is the highest common divisor of 119630 and 280?
70
What is the highest common divisor of 2993375 and 70?
35
Calculate the greatest common divisor of 12243 and 66.
33
Calculate the greatest common divisor of 9724 and 99484.
748
Calculate the greatest common factor of 825 and 12705.
165
Calculate the highest common divisor of 1344 and 2772.
84
Calculate the greatest common divisor of 51 and 50541.
51
Calculate the highest common factor of 1428 and 2194836.
1428
Calculate the greatest common divisor of 855774 and 81.
9
Calculate the highest common divisor of 56 and 12528320.
56
What is the highest common divisor of 18040 and 2788?
164
Calculate the highest common factor of 147556 and 444.
148
Calculate the greatest common factor of 64104 and 288.
24
Calculate the greatest common divisor of 120 and 718740.
60
Calculate the greatest common divisor of 308 and 449372.
308
Calculate the highest common factor of 10816 and 14144.
832
What is the greatest common divisor of 159 and 677181?
159
What is the highest common factor of 172 and 11708212?
172
What is the highest common factor of 1910 and 18?
2
Calculate the greatest common divisor of 1767 and 38418.
57
Calculate the highest common divisor of 257252 and 4405.
881
What is the greatest common factor of 315620 and 280?
20
What is the highest common divisor of 10390 and 40?
10
Calculate the highest common divisor of 135 and 77247.
27
Calculate the highest common divisor of 35 and 232680.
35
What is the greatest common factor of 20296 and 12728?
344
Calculate the greatest common divisor of 4963544 and 1616.
808
Calculate the highest common factor of 673200 and 102.
102
Calculate the highest common factor of 39 and 3218709.
39
What is the highest common divisor of 525460 and 470?
470
What is the greatest common divisor of 120780 and 14355?
495
Calculate the greatest common divisor of 196869 and 26715.
411
Calculate the highest common divisor of 47615 and 10165.
535
What is the greatest common divisor of 7397 and 741?
13
What is the highest common divisor of 3878273 and 791?
791
What is the highest common divisor of 671605 and 110?
55
Calcu